 by 113.
112
Calculate the remainder when 124 is divided by 13.
7
Calculate the remainder when 553 is divided by 112.
105
Calculate the remainder when 100 is divided by 26.
22
What is the remainder when 634 is divided by 317?
0
What is the remainder when 100 is divided by 68?
32
What is the remainder when 311 is divided by 45?
41
What is the remainder when 146 is divided by 56?
34
What is the remainder when 261 is divided by 15?
6
Calculate the remainder when 131 is divided by 115.
16
Calculate the remainder when 7338 is divided by 12.
6
What is the remainder when 53 is divided by 5?
3
What is the remainder when 339 is divided by 19?
16
Calculate the remainder when 131 is divided by 12.
11
Calculate the remainder when 232 is divided by 146.
86
What is the remainder when 2135 is divided by 125?
10
Calculate the remainder when 292 is divided by 33.
28
Calculate the remainder when 139 is divided by 36.
31
Calculate the remainder when 224 is divided by 21.
14
What is the remainder when 318 is divided by 66?
54
What is the remainder when 6098 is divided by 50?
48
Calculate the remainder when 58 is divided by 21.
16
Calculate the remainder when 1647 is divided by 545.
12
Calculate the remainder when 73 is divided by 63.
10
Calculate the remainder when 152 is divided by 7.
5
Calculate the remainder when 415 is divided by 140.
135
Calculate the remainder when 746 is divided by 75.
71
What is the remainder when 460 is divided by 30?
10
Calculate the remainder when 724 is divided by 101.
17
What is the remainder when 1206 is divided by 110?
106
Calculate the remainder when 7445 is divided by 1860.
5
Calculate the remainder when 19 is divided by 11.
8
What is the remainder when 249 is divided by 83?
0
What is the remainder when 8070 is divided by 9?
6
What is the remainder when 234 is divided by 113?
8
Calculate the remainder when 1370 is divided by 337.
22
What is the remainder when 1358 is divided by 270?
8
What is the remainder when 112 is divided by 28?
0
Calculate the remainder when 405 is divided by 51.
48
What is the remainder when 190 is divided by 28?
22
Calculate the remainder when 1763 is divided by 31.
27
What is the remainder when 9915 is divided by 268?
267
Calculate the remainder when 165 is divided by 103.
62
Calculate the remainder when 432 is divided by 28.
12
Calculate the remainder when 40 is divided by 27.
13
Calculate the remainder when 224 is divided by 76.
72
Calculate the remainder when 459 is divided by 40.
19
What is the remainder when 327 is divided by 108?
3
Calculate the remainder when 590 is divided by 54.
50
Calculate the remainder when 1897 is divided by 467.
29
What is the remainder when 349 is divided by 42?
13
What is the remainder when 152 is divided by 66?
20
Calculate the remainder when 1408 is divided by 17.
14
Calculate the remainder when 3019 is divided by 57.
55
What is the remainder when 294 is divided by 126?
42
What is the remainder when 547 is divided by 273?
1
What is the remainder when 285 is divided by 26?
25
What is the remainder when 265 is divided by 74?
43
Calculate the remainder when 135 is divided by 126.
9
What is the remainder when 151 is divided by 41?
28
What is the remainder when 62 is divided by 38?
24
What is the remainder when 100 is divided by 74?
26
Calculate the remainder when 582 is divided by 12.
6
What is the remainder when 638 is divided by 9?
8
Calculate the remainder when 882 is divided by 52.
50
Calculate the remainder when 950 is divided by 312.
14
What is the remainder when 819 is divided by 405?
9
What is the remainder when 389 is divided by 386?
3
Calculate the remainder when 348 is divided by 70.
68
What is the remainder when 2313 is divided by 40?
33
What is the remainder when 469 is divided by 67?
0
What is the remainder when 254 is divided by 37?
32
What is the remainder when 563 is divided by 49?
24
What is the remainder when 697 is divided by 5?
2
What is the remainder when 562 is divided by 81?
76
What is the remainder when 1328 is divided by 341?
305
What is the remainder when 2198 is divided by 110?
108
What is the remainder when 287 is divided by 9?
8
What is the remainder when 2095 is divided by 690?
25
Calculate the remainder when 115 is divided by 46.
23
What is the remainder when 361 is divided by 210?
151
What is the remainder when 867 is divided by 29?
26
What is the remainder when 60 is divided by 22?
16
Calculate the remainder when 17 is divided by 5.
2
Calculate the remainder when 187 is divided by 24.
19
What is the remainder when 873 is divided by 8?
1
What is the remainder when 414 is divided by 21?
15
What is the remainder when 134 is divided by 24?
14
Calculate the remainder when 47 is divided by 1.
0
Calculate the remainder when 1600 is divided by 162.
142
Calculate the remainder when 260 is divided by 69.
53
What is the remainder when 983 is divided by 12?
11
Calculate the remainder when 319 is divided by 109.
101
Calculate the remainder when 2628 is divided by 15.
3
What is the remainder when 127 is divided by 44?
39
Calculate the remainder when 20 is divided by 3.
2
Calculate the remainder when 1304 is divided by 29.
28
Calculate the remainder when 4686 is divided by 188.
174
What is the remainder when 335 is divided by 13?
10
What is the remainder when 710 is divided by 102?
98
Calculate the remainder when 2010 is divided by 224.
218
What is the remainder when 531 is divided by 68?
55
What is the remainder when 8534 is divided by 96?
86
What is the remainder when 178 is divided by 20?
18
What is the remainder when 3760 is divided by 39?
16
Calculate the remainder when 2333 is divided by 39.
32
What is the remainder when 2845 is divided by 569?
0
Calculate the remainder when 41169 is divided by 282.
279
Calculate the remainder when 8871 is divided by 58.
55
Calculate the remainder when 158 is divided by 108.
50
Calculate the remainder when 182 is divided by 15.
2
Calculate the remainder when 1328 is divided by 111.
107
What is the remainder when 43 is divided by 11?
10
What is the remainder when 237 is divided by 24?
21
Calculate the remainder when 180 is divided by 97.
83
Calculate the remainder when 42398 is divided by 10.
8
Calculate the remainder when 538 is divided by 7.
6
Calculate the remainder when 231 is divided by 222.
9
Calculate the remainder when 171 is divided by 36.
27
Calculate the remainder when 1394 is divided by 19.
7
Calculate the remainder when 149 is divided by 15.
14
Calculate the remainder when 12464 is divided by 13.
10
Calculate the remainder when 2435 is divided by 810.
5
Calculate the remainder when 401 is divided by 15.
11
Calculate the remainder when 90 is divided by 37.
16
What is the remainder when 15738 is divided by 33?
30
What is the remainder when 492 is divided by 71?
66
What is the remainder when 597 is divided by 10?
7
Calculate the remainder when 1102 is divided by 13.
10
Calculate the remainder when 68 is divided by 47.
21
What is the remainder when 708 is divided by 122?
98
What is the remainder when 3615 is divided by 80?
15
Calculate the remainder when 887 is divided by 11.
7
Calculate the remainder when 2750 is divided by 43.
41
Calculate the remainder when 16407 is divided by 61.
59
What is the remainder when 326 is divided by 68?
54
What is the remainder when 82 is divided by 14?
12
Calculate the remainder when 7356 is divided by 223.
220
Calculate the remainder when 154 is divided by 26.
24
What is the remainder when 170 is divided by 93?
77
Calculate the remainder when 5650 is divided by 22.
18
What is the remainder when 205 is divided by 54?
43
What is the remainder when 66 is divided by 27?
12
What is the remainder when 61 is divided by 24?
13
Calculate the remainder when 403 is divided by 83.
71
What is the remainder when 149 is divided by 15?
14
Calculate the remainder when 52 is divided by 12.
4
Calculate the remainder when 2967 is divided by 212.
211
Calculate the remainder when 4940 is divided by 225.
215
What is the remainder when 1224 is divided by 41?
35
Calculate the remainder when 21006 is divided by 110.
106
What is the remainder when 77 is divided by 50?
27
Calculate the remainder when 186 is divided by 162.
24
Calculate the remainder when 69 is divided by 35.
34
Calculate the remain